
Is 17657 a prime number?
True
Is 37495 composite?
True
Is 47951 prime?
True
Is 43391 prime?
True
Is 5906 prime?
False
Is 37463 prime?
True
Is 13159 a composite number?
False
Is 757 a composite number?
False
Is 18433 a composite number?
False
Is 145191 a prime number?
False
Is 191021 a prime number?
True
Is 94321 prime?
True
Is 17639 a prime number?
False
Is 22871 composite?
False
Is 2279 a prime number?
False
Is 676483 a prime number?
False
Is 203051 a composite number?
False
Is 15359 a prime number?
True
Is 10193 composite?
False
Is 4835 a prime number?
False
Is 199777 a prime number?
True
Is 29219 a composite number?
True
Is 36289 composite?
True
Is 684989 a prime number?
True
Is 148663 composite?
False
Is 22739 a composite number?
False
Is 34163 composite?
True
Is 28415 a prime number?
False
Is 1840877 a composite number?
False
Is 304453 a prime number?
False
Is 21529 a composite number?
False
Is 14369 a composite number?
False
Is 33791 prime?
True
Is 172883 composite?
False
Is 997001 prime?
True
Is 142091 prime?
False
Is 70277 a prime number?
False
Is 273551 a composite number?
False
Is 28751 a composite number?
False
Is 15877 prime?
True
Is 211 a prime number?
True
Is 73079 a prime number?
True
Is 20663 prime?
True
Is 162119 composite?
False
Is 60707 prime?
False
Is 35833 prime?
False
Is 3761 composite?
False
Is 127 a prime number?
True
Is 143609 a prime number?
True
Is 140947 prime?
False
Is 1443003 a composite number?
True
Is 33739 composite?
False
Is 57163 a prime number?
True
Is 100733 prime?
True
Is 473771 a prime number?
False
Is 296713 a composite number?
False
Is 2819 prime?
True
Is 5116647 composite?
True
Is 898483 composite?
False
Is 442439 a composite number?
False
Is 178 a composite number?
True
Is 1418399 prime?
True
Is 153727 prime?
False
Is 7477 prime?
True
Is 12791 prime?
True
Is 7027 a composite number?
False
Is 45691 prime?
True
Is 24931 prime?
False
Is 1756747 a composite number?
False
Is 3833 a composite number?
False
Is 201023 a composite number?
True
Is 30241 composite?
False
Is 25453 prime?
True
Is 102965 a composite number?
True
Is 411 prime?
False
Is 365 a composite number?
True
Is 322459 a prime number?
True
Is 489 prime?
False
Is 148883 a composite number?
True
Is 12527 a prime number?
True
Is 988417 a composite number?
False
Is 4457405 a composite number?
True
Is 634631 a composite number?
True
Is 382541 composite?
False
Is 72601 a prime number?
False
Is 19022 a prime number?
False
Is 8705 a prime number?
False
Is 13057 prime?
False
Is 46463 composite?
True
Is 854723 prime?
False
Is 130003 composite?
False
Is 37781 prime?
True
Is 722947 composite?
True
Is 342137 a prime number?
False
Is 2079809 composite?
True
Is 27733 a composite number?
False
Is 7597 prime?
False
Is 16355 a prime number?
False
Is 500029 prime?
True
Is 40343 a prime number?
True
Is 800351 prime?
True
Is 202757 prime?
True
Is 7779 a composite number?
True
Is 212777 composite?
False
Is 30593 composite?
False
Is 37445 a prime number?
False
Is 4884707 a composite number?
False
Is 393 composite?
True
Is 2328047 a composite number?
False
Is 51215 prime?
False
Is 3027 composite?
True
Is 23099 prime?
True
Is 502 composite?
True
Is 21089 composite?
False
Is 321 a prime number?
False
Is 59051 a prime number?
True
Is 64849 a prime number?
True
Is 241161 a composite number?
True
Is 6613 a composite number?
True
Is 5791 a prime number?
True
Is 270421 prime?
True
Is 519349 a composite number?
False
Is 91673 composite?
False
Is 22423 a composite number?
True
Is 359 prime?
True
Is 4259 composite?
False
Is 2970115 a composite number?
True
Is 8329 composite?
False
Is 326537 a composite number?
False
Is 2179193 a prime number?
False
Is 329869 composite?
True
Is 362569 a prime number?
True
Is 3299 composite?
False
Is 4327 a prime number?
True
Is 589721 composite?
True
Is 1336853 a prime number?
False
Is 55757 a prime number?
False
Is 2309 prime?
True
Is 1349 prime?
False
Is 206123 composite?
False
Is 291359 a composite number?
False
Is 91213 a composite number?
True
Is 219677 a composite number?
False
Is 120749 composite?
False
Is 1401 a prime number?
False
Is 28943 a composite number?
True
Is 40507 a prime number?
True
Is 683711 composite?
True
Is 1795363 a composite number?
False
Is 408607 a composite number?
False
Is 3635 a prime number?
False
Is 234929 composite?
True
Is 4393 prime?
False
Is 80299 a prime number?
False
Is 23531 composite?
False
Is 72421 composite?
False
Is 89189 prime?
True
Is 35 a prime number?
False
Is 13291 a prime number?
True
Is 2053 a composite number?
False
Is 145223 prime?
False
Is 11351 a prime number?
True
Is 290593 a composite number?
False
Is 16343 composite?
True
Is 453847 prime?
True
Is 470621 a prime number?
True
Is 1621 composite?
False
Is 2741 prime?
True
Is 375731 a prime number?
False
Is 24659 prime?
True
Is 32577 a prime number?
False
Is 24602 prime?
False
Is 7079 prime?
True
Is 285313 a composite number?
True
Is 54133 a composite number?
False
Is 20413 a prime number?
False
Is 424114 a composite number?
True
Is 576377 prime?
True
Is 38959 a composite number?
False
Is 2107091 composite?
True
Is 6131 a composite number?
False
Is 12981 a composite number?
True
Is 1777738 prime?
False
Is 225949 a prime number?
True
Is 1104767 composite?
False
Is 27773 a composite number?
False
Is 1214315 prime?
False
Is 13567 composite?
False
Is 141793 composite?
False
Is 2879 a prime number?
True
Is 5303 prime?
True
Is 244833 prime?
False
Is 10903 a composite number?
False
Is 7723 composite?
False
Is 11197 prime?
True
Is 152499 prime?
False
Is 29411 a prime number?
True
Is 18087 composite?
True
Is 42683 composite?
False
Is 259593 prime?
False
Is 6637 composite?
False
Is 141023 a composite number?
False
Is 490063 a composite number?
True
Is 397655 a prime number?
False
Is 233477 a prime number?
True
Is 84913 prime?
True
Is 38539 composite?
True
Is 97891 a prime number?
False
Is 1566137 a prime number?
True
Is 615637 prime?
False
Is 139219 a prime number?
False
Is 36947 a composite number?
False
Is 73279 a prime number?
False
Is 1686791 a composite number?
True
Is 4861 a composite number?
False
Is 22387 composite?
True
Is 128389 composite?
False
Is 7274 a prime number?
False
Is 131759 prime?
True
Is 332987 composite?
False
Is 3587 a composite number?
True
Is 97631 prime?
False
Is 65761 a prime number?
True
Is 47359 composite?
True
Is 199103 a composite number?
False
Is 1621 a prime number?
True
Is 213713 a prime number?
True
Is 170951 composite?
True
Is 5471 prime?
True
Is 165037 a prime number?
True
Is 95909 prime?
False
Is 530269 prime?
False
Is 15479 composite?
True
Is 932453 composite?
True
Is 1078543 a composite number?
True
Is 35293 a prime number?
False
Is 17291 a prime number?
True
Is 47471 a prime number?
False
Is 23953 a prime number?
False
Is 51941 prime?
True
Is 14093 a prime number?
False
Is 6677 composite?
True
Is 274373 a prime number?
False
Is 747977 a composite number?
False
Is 15121 a composite number?
False
Is 283349 prime?
False
Is 615713 prime?
False
Is 6765517 prime?
False
Is 17213 a composite number?
True
Is 516757 prime?
True
Is 15177 a composite number?
True
Is 10973 composite?
False
Is 3849 a composite number?
True
Is 536839 composite?
False
Is 644342 a composite number?
True
Is 12633 a composite number?
True
Is 4265 prime?
False
Is 587573 prime?
False
Is 55679 composite?
True
Is 118033 composite?
False
Is 413389 composite?
True
Is 943183 composite?
False
Is 63429 a prime number?
False
Is 4442 a composite number?
True
Is 2453 a composite number?
True
Is 1091711 a composite number?
False
Is 3271 a composite number?
False
Is 931885 prime?
False
Is 248734 a composite number?
True
Is 1197211 prime?
True
Is 55021 a prime number?
True
Is 459841 a prime number?
True
Is 87583 prime?
True
Is 1801 prime?
True
Is 115273 a prime number?
False
Is 784009 prime?
True
Is 18773 prime?
True
Is 2999 a prime number?
True
Is 137091 a prime number?
False
Is 236609 a prime number?
True
Is 718251 prime?
False
Is 553301 a composite number?
True
Is 16519 a prime number?
True
Is 142939 a composite number?
False
Is 38393 composite?
False
Is 55969 a composite number?
True
Is 85133 prime?
True
Is 910561 a composite number?
False
Is 26891 com